) - k(p). Give d(l).
6
Let a(u) = 4*u + 5. Let z(p) = 20*p**3 + 2*p**2 - 1. Let t be z(1). Let g be ((-2)/(-3))/(3 + (-49)/t). Let v be 3/g*4/(-3). Calculate a(v).
-11
Let u(d) = 5*d**3 + d**3 - 7*d**3 - 1 - d**2. Let i be u(-2). Let m(s) = -i + 6*s - 2*s - 3*s + 1. Give m(6).
4
Suppose -807*x + 796*x = -22. Let l be 3 - (2 - 0 - 0). Let g be -6*1*l/x. Let f(m) = m + 1. Calculate f(g).
-2
Let a be (1 - 11/3)*(-225)/30. Let g be ((-4)/10)/((36/a)/(-9)). Let b(y) = -y**3 + y**2 + 3*y - 1. Calculate b(g).
1
Let b be ((-3)/(-9))/(2/(-6)). Let k(j) = -41*j**2 + 2*j - 2. Let c(q) = -33*q**2 + 2*q - 1. Let y(g) = 3*c(g) - 2*k(g). Calculate y(b).
-18
Suppose 3*z + 4*b = -16, 830*z - 3*b - 2 = 831*z. Let d(j) = -2*j**2 - 12*j + 40. Give d(z).
8
Let n(g) = g**2 + 3*g - 104. Let s be n(9). Suppose s*q = 13*q - 18. Let x(l) = -5*l. What is x(q)?
-10
Let l(a) = -6*a + 9. Let b(q) = -6 - 5*q - 3 + 17. Let m(u) = 3*b(u) - 2*l(u). Determine m(4).
-6
Let p be -57 - -14 - -26 - -18. Let y(t) = 12*t**2 - 22*t + 21. Calculate y(p).
11
Let w(i) be the second derivative of -i**4/3 + 68*i**3/3 + 4*i**2 - 16*i. Let m be w(34). Let d(b) = -4*b. What is d(m)?
-32
Let n(w) = -15*w**2 - 56*w + 3. Let r(c) = -11*c**2 - 39*c + 2. Let i(y) = 5*n(y) - 7*r(y). What is i(6)?
31
Let u(y) = y + 1. Let o(g) = g**2 + 3*g - 6. Let h be o(-5). Suppose 77 = h*b + 33. Suppose -1 = 5*l - b. Determine u(l).
3
Let s be (220/(-35))/(-11) + 34/14. Suppose 4*m + 5 = 9*m. Let q(o) = -2*o**2 - 4*o - 3. Let p(g) = -g**2 - 1. Let y(n) = m*q(n) - 3*p(n). Calculate y(s).
-3
Suppose -5*s - 2 = -3*w - 47, -5*s = 0. Let i(l) = l**2 + 23*l + 124. Let h be i(w). Let a(z) = -z - 7. Determine a(h).
-11
Let f(i) = i**3 - 6*i**2 - 2*i + 2. Suppose -5*g - 6*g + 198 = 0. Let o be ((-14)/(-6) - 1)/(1/g). Let y = -18 + o. Calculate f(y).
-10
Let u(f) = -f**3 + f**2 + 51. Let r(p) = 9*p**3 - 215*p**2 - 28*p + 96. Let v be r(24). Determine u(v).
51
Let s = 14 - 9. Let p(k) = -s + 4 - k + 3 - 4. Let i = 4113 + -4120. Calculate p(i).
5
Let v(z) be the second derivative of z**6/120 - z**5/5 - z**4/6 + 2*z**3 - 59*z**2/2 + 30*z + 3. Let h(y) be the first derivative of v(y). Calculate h(12).
-36
Suppose -4*f + 14*i - 3 = 11*i, -4*f + 5*i = -3. Let u(n) = 2*n**2 + 2*n**2 - 4 - 3*n**2 + 3*n. Determine u(f).
-4
Suppose -3 = -b + 4*v, -3*b + 2*b + 3 = -v. Let o(a) = -3 + 8 + 5 - b*a + 2*a. Suppose -5*n = 46*p - 43*p - 17, 4*n - 10 = -2*p. What is o(p)?
1
Let t(f) = -6*f + 3. Suppose 16*s = 10*s + 18. Let p be (11 + -5)/(s*4/6). Give t(p).
-15
Suppose -9*m = -4*m. Suppose -w + m*w + 8*w = 0. Suppose w = -4*i + i - 3. Let k(t) = t**3 - 1. Determine k(i).
-2
Let k(o) be the third derivative of -o**4/6 - 11*o**3/6 + 775*o**2. Determine k(8).
-43
Let u(s) = -s**3 - 8*s**2 + 10*s - 11. Let z(i) = -2*i**2 + 20*i + 4. Let o(a) = a**2 - 10*a - 2. Let j(b) = -9*o(b) - 4*z(b). Let m be j(-1). Determine u(m).
-20
Let a = -16 - -36. Let n = -14 + a. Let w(b) be the third derivative of -b**6/120 + b**5/12 + b**4/4 - b**3/6 - 2*b**2 - 23. Give w(n).
-1
Let d(h) = -18*h - 111. Suppose 3*w + 0*r = 4*r - 11, 4*w + 52 = -4*r. Give d(w).
51
Let w(n) = 53*n**3 - 162*n**2 + 110*n - 70. Let a(x) = 23*x**3 - 70*x**2 + 47*x - 30. Let c(d) = -23*a(d) + 10*w(d). Calculate c(8).
14
Let h(k) = 17*k**2 - 21*k + 9. Let n(c) = 44*c**2 + 57*c**2 - 74*c**2 + 14 - 32*c. Let l(p) = -8*h(p) + 5*n(p). What is l(7)?
5
Let s(c) = -4*c**2 + 19*c + 105. Let q(l) = -l - 16. Let m(x) = 6*q(x) + s(x). Calculate m(-4).
-107
Let t(c) = 980 - 998 + 343*c - 318*c. Determine t(-5).
-143
Let p(m) = 12*m**2 - 94*m - 1. Let r(h) = 6*h**2 - 48*h - 1. Let g(c) = -3*p(c) + 5*r(c). Give g(7).
-2
Let i(z) = -z**2 + 46*z - 236. Let w be ((-38)/95)/((-2)/(2 - -198)). Calculate i(w).
4
Suppose 30*z - 155 - 69 = 226. Let p(c) = 4*c - 67. Determine p(z).
-7
Let j(k) = k. Let u(c) = -c**2 + 16*c - 8. Let o be u(16). Let y be 8 + (o - (-3 + 0)). Calculate j(y).
3
Let d(y) = -y**2 - 39*y - 162. Let i be d(-5). Let c(f) = f**2 + 1 - f + 29*f**3 - 10*f + i*f + 5*f. Give c(-1).
-29
Let k(q) = -1 + 495848*q + 7 - 495867*q + 1. Give k(0).
7
Let s be (3 - 2)*-1 + -2. Let u(z) = -3*z**2 - 2*z - 1. Let y(m) = 2*m - 14261*m**2 + 2 + 14280*m**2 + 6*m. Let w(a) = 6*u(a) + y(a). Calculate w(s).
17
Let f(c) be the second derivative of 19*c**5/10 + c**4/6 - c**2 + 4*c + 866. Calculate f(1).
38
Let m(c) be the third derivative of -c**5/60 - 25*c**4/24 + 23*c**3/6 + 2*c**2 - 3*c. Let h be m(-26). Let d(z) = 2*z**3 + 2*z**2 - 3*z + 4. What is d(h)?
-23
Let k(b) be the first derivative of -6*b**2 + 2*b - 3570. Calculate k(-3).
38
Let m(n) = -n**2 + 2*n + 1. Let i(u) = -2*u**3 + 11*u**2 + 9*u - 14. Let v be i(6). Suppose -3 = -4*x - v*j + 9, 2*x + 18 = 4*j. Determine m(x).
-2
Suppose 0 = -3*z - 2*z. Suppose 0 = -m + 5*f - 7, 2*m = 4*f - 9*f + 16. Let j(q) = 52*q**3 + 0 + z*q - 53*q**m + 2*q - 1. Give j(1).
0
Let i = 7 - 5. Let l(v) be the first derivative of -3*v**4/4 + 2*v**3/3 - v**2 - v + 20457. Determine l(i).
-21
Let o(y) = y**2 + 62*y + 18. Let h(s) = -11*s - 3. Let w(n) = -11*h(n) - 2*o(n). Determine w(-4).
-23
Let u(o) = o**3 + o**3 + 10*o + 5*o**2 - o**3 - 10 - 2*o**3. Let q be (-18)/(-4)*4592/3444. Give u(q).
14
Let v = 5737 - 5735. Let t(r) be the first derivative of 0*r + 1/3*r**3 - 7/2*r**v + 33. Calculate t(8).
8
Suppose 4*v = 2*d - 4*d - 6, 4 = -2*d - 3*v. Let s(o) = -o**3 + 5 + 2*o**2 - 7 - d - o + 1. Calculate s(2).
-4
Let i(k) = k**3 - 6*k**2 - 7*k - 6. Let p(z) = z**3 - 3*z**2 - 19*z + 49. Let f be p(2). Calculate i(f).
-6
Let m(k) = 424*k**2 + 5 + 11 + 415*k**2 - 840*k**2 + 9*k. Let w(l) = 4*l**2 - 2*l - 1. Let s be w(2). Give m(s).
-6
Let b(a) = 7*a**2 + 7*a + 1. Let c(s) = 9*s**2 + 7*s. Let o(p) = 4*b(p) - 3*c(p). Let t = 21 - 18. Let i = t - 9. Determine o(i).
-2
Let n(x) = -2*x**2 + 6*x - 3. Let t be (-781)/4 + 6/24. Let c = t - -290. Let g = c - 91. What is n(g)?
-11
Suppose -8*d = -17 + 1. Let o(i) = 16 + i + 2*i**d + 21*i**3 - 16. Suppose -13*x - 1 = 12. Determine o(x).
-20
Let r(t) = -10*t + 9. Let m(l) = 21*l - 34. Let b(y) = -m(y) - 2*r(y). What is b(-4)?
20
Let p(f) = 1 + 42*f - 5 + 0 - 33*f. Suppose 9*x = w + 6*x - 19, 4*w = 4*x + 36. Calculate p(w).
32
Let w(k) be the second derivative of -1/6*k**3 - 98*k + 1/12*k**4 + 0 - 2*k**2. What is w(0)?
-4
Let k(h) = -h**2 + 4*h - 1. Suppose -b - 5*p = 3*b - 44, 2*b - 24 = -3*p. Let a be 1/b + (2300/24)/25. Give k(a).
-1
Suppose 13*n + 8*n = 16*n. Let s(d) = d**3 + 2*d**2 - d + 8. Let l be s(n). Let b(t) = -t**3 + 8*t**2 - 2*t + 6. Give b(l).
-10
Let x(w) = 6*w + 2. Let u = 58 + -216. Let p = u - -160. What is x(p)?
14
Let h(d) = -10*d - 3 - 1 + 3. Suppose 57 = 3*q + 2*q + 3*x, -3*q + 15 = -3*x. Let u(n) = -n**3 + 10*n**2 - 8*n - 8. Let o be u(q). Determine h(o).
-11
Let b(z) = -2*z**2 + 17*z + 34. Let j be b(10). Suppose -16 = j*x + 12. Let o(g) = -7*g - 2*g - g**2 + 2*g + 0 - 1. What is o(x)?
-1
Let v(a) = -2*a**2 + 20*a - 13. Let h(p) = 2*p**2 - 20*p + 13. Let m(k) = 3*h(k) + 4*v(k). Give m(9).
5
Let g(q) = -12*q + 11. Suppose 206*j - 122 - 84 = 0. Calculate g(j).
-1
Let m = 40 - 38. Let w(n) = -8*n + 18*n**3 + 6 + 6*n**m - 39*n**3 + 20*n**3 + 3*n**2. Determine w(8).
6
Let a(z) = -3*z**3 + z**2 + z - 2. Suppose 6 - 2 = k - 2*y, 5*k - y = 11. Suppose -14 = t - 4*c, 2*t + 2*c = -k*t + 16. Calculate a(t).
-20
Let j(f) = -2*f - 29. Suppose -2999*n = -3079*n + 480. Determine j(n).
-41
Let z(p) = 212*p - 6*p**2 + 205*p + 213*p + p**3 - 7 - 860*p + 226*p. Calculate z(7).
14
Let h(z) = 17*z - 27. Let i(a) = 9*a - 16. Let c(s) = -4*h(s) + 7*i(s). Determine c(-5).
21
Let a(j) = -293*j - 588. Let b be a(-2). Let f(r) = r**2 + 3*r + 3. Calculate f(b).
1
Let y = 426 - 415. Let w(v) = -5*v - 13 - 9*v + 15*v. Calculate w(y).
-2
Let m(u) = u + 12. Let y = -143 + 148. Let q(n) = -n**3 + 7*n**2 - 12*n + 10. Let j be q(y). Calculate m(j).
12
Suppose -7*p + 10*p = 17*p - 28. Suppose 5 + 3 = 2*z. Let s(n) = 0*n - 2*n - n**2 + z*n. Determine s(p).
0
Let w(j) = 3 + 5*j - 2*j - 8. Let k = 34 + 8. Let m be ((-7)/(-28))/(-1) + k/8. Determine w(m).
10
Suppose 15 + 30 = -5*h. Let d(r) = -194 + 0*r**3 + 197 - 301*r + r**3 + 8*r**2 + 293*r. What is d(h)?
-6
Let w = -19 + 25. Suppose -9*z = -7*z - w. Suppose 0*l + 3*l = i - 14, -4*l - z*i = 10. Let m(g